{"id":61,"date":"2022-09-25T22:13:17","date_gmt":"2022-09-25T22:13:17","guid":{"rendered":"http:\/\/iikdd.clubrav4.es\/?page_id=61"},"modified":"2022-09-28T22:00:35","modified_gmt":"2022-09-28T22:00:35","slug":"informacion-alojamiento","status":"publish","type":"page","link":"https:\/\/iikdd.clubrav4.es\/index.php\/informacion-alojamiento\/","title":{"rendered":"Informaci\u00f3n alojamiento"},"content":{"rendered":"\n<h2 class=\"wp-block-heading\">Hotel Camino Real 3 *<\/h2>\n\n\n\n<p>Este hotel nos ofrece alojamiento y desayuno por <strong>65\u20ac\/noche<\/strong> en habitaci\u00f3n doble. Para ello deber\u00e9is contactar con ellos a trav\u00e9s del tel\u00e9fono 987218134.<\/p>\n\n\n\n<iframe src=\"https:\/\/www.google.com\/maps\/embed?pb=!1m14!1m8!1m3!1d11753.890106839739!2d-5.5029992!3d42.566492!3m2!1i1024!2i768!4f13.1!3m3!1m2!1s0x0%3A0xc4b0f35f3a5bb0cb!2sHotel%20Camino%20Real!5e0!3m2!1ses!2ses!4v1664402168301!5m2!1ses!2ses\" width=\"600\" height=\"450\" style=\"border:0;\" allowfullscreen=\"\" loading=\"lazy\" referrerpolicy=\"no-referrer-when-downgrade\"><\/iframe>\n\n\n\n<h2 class=\"wp-block-heading\">Hotel Santiago 4 *<\/h2>\n\n\n\n<p>Hemos contactado con el hotel Santiago y nos ofrece un <strong>10% de descuento<\/strong> por participar en el evento. Para ello deber\u00e9is contactar con ellos a trav\u00e9s de tel\u00e9fono al 987243200.<\/p>\n\n\n\n<iframe src=\"https:\/\/www.google.com\/maps\/embed?pb=!1m14!1m8!1m3!1d11741.549761481634!2d-5.587671!3d42.6319457!3m2!1i1024!2i768!4f13.1!3m3!1m2!1s0x0%3A0x433426f172904777!2sHOTEL%20SANTIAGO%20LE%C3%93N!5e0!3m2!1ses!2ses!4v1664144425077!5m2!1ses!2ses\" width=\"600\" height=\"450\" style=\"border:0;\" allowfullscreen=\"\" loading=\"lazy\" referrerpolicy=\"no-referrer-when-downgrade\"><\/iframe>\n\n\n\n<h2 class=\"wp-block-heading\">Otros alojamientos<\/h2>\n\n\n\n<p><a href=\"https:\/\/www.booking.com\/city\/es\/leon.es.html?auth_success=1\" target=\"_blank\" rel=\"noopener\">ENLACE BOOKING<\/a><\/p>\n","protected":false},"excerpt":{"rendered":"<p>Hotel Camino Real 3 * Este hotel nos ofrece alojamiento y desayuno por 65\u20ac\/noche en habitaci\u00f3n doble. Para ello deber\u00e9is contactar con ellos a trav\u00e9s del tel\u00e9fono 987218134. Hotel Santiago 4 * Hemos contactado con el hotel Santiago y nos ofrece un 10% de descuento por participar en el evento. [&hellip;]<\/p>\n","protected":false},"author":1,"featured_media":0,"parent":0,"menu_order":0,"comment_status":"closed","ping_status":"closed","template":"","meta":{"om_disable_all_campaigns":false,"_monsterinsights_skip_tracking":false,"_monsterinsights_sitenote_active":false,"_monsterinsights_sitenote_note":"","_monsterinsights_sitenote_category":0,"footnotes":""},"class_list":["post-61","page","type-page","status-publish","hentry"],"aioseo_notices":[],"_links":{"self":[{"href":"https:\/\/iikdd.clubrav4.es\/index.php\/wp-json\/wp\/v2\/pages\/61","targetHints":{"allow":["GET"]}}],"collection":[{"href":"https:\/\/iikdd.clubrav4.es\/index.php\/wp-json\/wp\/v2\/pages"}],"about":[{"href":"https:\/\/iikdd.clubrav4.es\/index.php\/wp-json\/wp\/v2\/types\/page"}],"author":[{"embeddable":true,"href":"https:\/\/iikdd.clubrav4.es\/index.php\/wp-json\/wp\/v2\/users\/1"}],"replies":[{"embeddable":true,"href":"https:\/\/iikdd.clubrav4.es\/index.php\/wp-json\/wp\/v2\/comments?post=61"}],"version-history":[{"count":9,"href":"https:\/\/iikdd.clubrav4.es\/index.php\/wp-json\/wp\/v2\/pages\/61\/revisions"}],"predecessor-version":[{"id":109,"href":"https:\/\/iikdd.clubrav4.es\/index.php\/wp-json\/wp\/v2\/pages\/61\/revisions\/109"}],"wp:attachment":[{"href":"https:\/\/iikdd.clubrav4.es\/index.php\/wp-json\/wp\/v2\/media?parent=61"}],"curies":[{"name":"wp","href":"https:\/\/api.w.org\/{rel}","templated":true}]}}